{"id":75,"date":"2013-10-15T20:04:40","date_gmt":"2013-10-15T19:04:40","guid":{"rendered":"http:\/\/tim.cstj.qc.ca\/cours\/xcode\/wp\/?page_id=75"},"modified":"2013-10-15T20:04:40","modified_gmt":"2013-10-15T19:04:40","slug":"telechargements","status":"publish","type":"page","link":"https:\/\/ve2cuy.com\/xcode\/telechargements\/","title":{"rendered":"T\u00e9l\u00e9chargements"},"content":{"rendered":"<h3><span style=\"color: #ff0000;\">NOTE: Ces ressources ne sont valides que pour les versions &lsquo;Objective-C&rsquo; des projets.<\/span><\/h3>\n<h3>Supports<\/h3>\n<ol>\n<li><a href=\"\/cours\/xcode\/contenu\/module01\/module01v2013.zip\">Module 1<\/a> &#8211; Intro \u00e0 Objective-C et InterfaceBuilder<\/li>\n<li><a href=\"\/cours\/xcode\/contenu\/module02\/module02.zip\">Module 2<\/a> &#8211; Les types de donn\u00e9es, instructions de contr\u00f4le, &#8230;<\/li>\n<li><a href=\"\/cours\/xcode\/contenu\/module03\/module%2003%20-%20Les%20collections.zip\">Module 3<\/a>&#8211; Les collections<\/li>\n<li><a href=\"\/cours\/xcode\/contenu\/module04\/Module%2004%20-%20POO.zip\">Module 4<\/a> &#8211; La POO<\/li>\n<li><a href=\"\/cours\/xcode\/contenu\/Module%2005%20-%20TableView,%20Picker,%20....zip\">Module 5 <\/a>&#8211; \u00a0UITableView<\/li>\n<li><a href=\"\/cours\/xcode\/contenu\/module05\/Table%20et%20collectionView.zip\">Exemple d&rsquo;un projet de base avec UITV et UICV<\/a><\/li>\n<li><a href=\"\/cours\/xcode\/contenu\/ateliers\/exposition%20TIM\/Exposition%20TIM%20-%20depart.zip\">Projet Exposition TIM<\/a><\/li>\n<li><a href=\"\/cours\/xcode\/contenu\/Module%2005.5%20-%20Les%20StoryBoards.zip\">Module 5.5<\/a> &#8211; Storyboard<\/li>\n<li><a href=\"\/cours\/xcode\/contenu\/Module%2005.6%20-%20JSON.zip\">Module 5.6 &#8211; JSON + YQL<\/a><\/li>\n<li><a href=\"\/cours\/xcode\/contenu\/module02\/projetNASDAQ.zip\">Projet NASDAQ<\/a><\/li>\n<li><a href=\"\/cours\/xcode\/contenu\/ateliers\/Classe%20personnage%20avec%20interface%20visuelle%20-%20depart.zip\">Projet Gobelin<\/a><\/li>\n<li><a href=\"\/cours\/xcode\/contenu\/images.animations.zip\">Images pour animations<\/a><\/li>\n<li><a href=\"\/cours\/xcode\/contenu\/ateliers\/tabbar_scrollview.zip\">Menu dans un scrollView<\/a><\/li>\n<\/ol>\n<p>&nbsp;<\/p>\n<h3>Projet TIMM\u00e9t\u00e9o<\/h3>\n<ol>\n<li><a href=\"\/cours\/xcode\/contenu\/projetsession\/Epreuve%20synthese.pdf\">Devis<\/a><\/li>\n<li><a href=\"\/cours\/xcode\/contenu\/projetsession\/storyboard.png\">Storyboard<\/a><\/li>\n<li><a href=\"\/cours\/xcode\/contenu\/projetsession\/FichiersProjetMeteo.zip\">Projet de d\u00e9part<\/a><\/li>\n<li><a href=\"\/cours\/xcode\/contenu\/projetsession\/lesVilles.plist\">Liste des villes.plist<\/a><\/li>\n<\/ol>\n<p>&nbsp;<\/p>\n<h3><\/h3>\n<h3>Configuration des appareils iOS<\/h3>\n<ol>\n<li><a href=\"\/cours\/xcode\/contenu\/references\/Etape123_Tim2013.zip\">Certificats et fichier provision de vos appareils<\/a><\/li>\n<\/ol>\n","protected":false},"excerpt":{"rendered":"<p>NOTE: Ces ressources ne sont valides que pour les versions &lsquo;Objective-C&rsquo; des projets. Supports Module 1 &#8211; Intro \u00e0 Objective-C et InterfaceBuilder Module 2 &#8211; Les types de donn\u00e9es, instructions de contr\u00f4le, &#8230; Module 3&#8211; Les collections Module 4 &#8211; La POO Module 5 &#8211; \u00a0UITableView Exemple d&rsquo;un projet de base avec UITV et UICV [&hellip;]<\/p>\n","protected":false},"author":1,"featured_media":0,"parent":0,"menu_order":0,"comment_status":"closed","ping_status":"closed","template":"","meta":{"footnotes":""},"class_list":["post-75","page","type-page","status-publish","hentry"],"_links":{"self":[{"href":"https:\/\/ve2cuy.com\/xcode\/wp-json\/wp\/v2\/pages\/75","targetHints":{"allow":["GET"]}}],"collection":[{"href":"https:\/\/ve2cuy.com\/xcode\/wp-json\/wp\/v2\/pages"}],"about":[{"href":"https:\/\/ve2cuy.com\/xcode\/wp-json\/wp\/v2\/types\/page"}],"author":[{"embeddable":true,"href":"https:\/\/ve2cuy.com\/xcode\/wp-json\/wp\/v2\/users\/1"}],"replies":[{"embeddable":true,"href":"https:\/\/ve2cuy.com\/xcode\/wp-json\/wp\/v2\/comments?post=75"}],"version-history":[{"count":0,"href":"https:\/\/ve2cuy.com\/xcode\/wp-json\/wp\/v2\/pages\/75\/revisions"}],"wp:attachment":[{"href":"https:\/\/ve2cuy.com\/xcode\/wp-json\/wp\/v2\/media?parent=75"}],"curies":[{"name":"wp","href":"https:\/\/api.w.org\/{rel}","templated":true}]}}