{"id":6,"date":"2013-10-15T12:51:04","date_gmt":"2013-10-15T12:51:04","guid":{"rendered":"\/cours\/xcode\/wp\/?page_id=2"},"modified":"2013-10-15T12:51:04","modified_gmt":"2013-10-15T12:51:04","slug":"page-d-exemple-2","status":"publish","type":"page","link":"https:\/\/ve2cuy.com\/xcode\/mise-en-page-du-code\/page-d-exemple-2\/","title":{"rendered":"Production multim\u00e9dia sur support"},"content":{"rendered":"<p>Bienvenue sur le site du cours &lsquo;Production multim\u00e9dia sur support&rsquo;<br \/>\nCe site s&rsquo;adresse aux \u00e9tudiants et \u00e9tudiantes inscrits au programme &lsquo;Techniques d&rsquo;Int\u00e9gration Multim\u00e9dia&rsquo; du C\u00e9gep de Saint-J\u00e9r\u00f4me. \u00a0Plus particuli\u00e8rement aux \u00e9tudiants de troisi\u00e8me ann\u00e9e qui suivent le cours &lsquo;Production multim\u00e9dia sur support&rsquo;.<br \/>\n<img loading=\"lazy\" decoding=\"async\" class=\"alignleft wp-image-318\" src=\"\/xcode\/wp-content\/uploads\/2013\/10\/xcode256x256-icon.png\" alt=\"xcode256x256-icon\" width=\"256\" height=\"256\" \/><br \/>\nDans sa forme actuelle, le cours se veut une introduction au langage <strong>Swift<\/strong>, \u00e0 <strong>Cocoa touch<\/strong> ainsi qu&rsquo;\u00e0 <strong>Xcode<\/strong>.<br \/>\n<strong>Comp\u00e9tences d\u00e9velopp\u00e9es<\/strong><br \/>\nAu terme du cours, les \u00e9tudiants seront en mesure de programmer des applications simples pour iPhone, iPad et iPod.<br \/>\nJ&rsquo;esp\u00e8re que le contenu saura vous int\u00e9resser.<br \/>\nO\u00f9 commencer? \u00a0Peut-\u00eatre <a href=\"index.php\/premier-projet-xcode-swift-capitaine-haddock\/\">ici<\/a> et <a href=\"\/xcode\/index.php\/contenu\/\">l\u00e0<\/a>.<br \/>\n&nbsp;<\/p>\n<hr \/>\n<h2>Nouveaut\u00e9s pour la session d&rsquo;automne 2017<\/h2>\n<ul>\n<li>Xcode 9.x<\/li>\n<li>Swift version 4.x &#8211; <a href=\"https:\/\/www.raywenderlich.com\/163857\/whats-new-swift-4\">nouveaut\u00e9s<\/a><\/li>\n<li>GitHub (Int\u00e9gr\u00e9 \u00e0 Xcode 9)<\/li>\n<li>cocoapods<\/li>\n<li>Google Firebase<\/li>\n<\/ul>\n<hr \/>\n<p>&nbsp;<\/p>\n<h1>Disponibilit\u00e9s &#8211; automne 2017<\/h1>\n<p>[table nl=\u00a0\u00bb~~\u00a0\u00bb]<br \/>\nJour[attr],Heure,Local,Note<br \/>\nlundi[attr style=\u00a0\u00bbbackground-color:#CCFFCC\u00a0\u00bb],12h35-14h20[attr style=\u00a0\u00bbbackground-color:#CCFFCC\u00a0\u00bb],bureau[attr style=\u00a0\u00bbbackground-color:#CCFFCC\u00a0\u00bb],sans RDV[attr style=\u00a0\u00bbbackground-color:#CCFFCC\u00a0\u00bb]<br \/>\nlundi,8h00-11h35,D140, en cours<br \/>\nmercredi[attr style=\u00a0\u00bbbackground-color:#FAEBF0&Prime;],[attr style=\u00a0\u00bbbackground-color:#FAEBF0&Prime;]12h35-14h20,[attr style=\u00a0\u00bbbackground-color:#FAEBF0&Prime;]bureau,[attr style=\u00a0\u00bbbackground-color:#FAEBF0&Prime;]avec RDV<br \/>\nvendredi[attr style=\u00a0\u00bbbackground-color:#CCFFCC\u00a0\u00bb],12h35-14h20[attr style=\u00a0\u00bbbackground-color:#CCFFCC\u00a0\u00bb],bureau[attr style=\u00a0\u00bbbackground-color:#CCFFCC\u00a0\u00bb],sans RDV[attr style=\u00a0\u00bbbackground-color:#CCFFCC\u00a0\u00bb]<br \/>\nvendredi,8h00 \u00e0 11h35,D140,en cours<br \/>\n[\/table]<br \/>\n&nbsp;<\/p>\n<hr \/>\n<p><img loading=\"lazy\" decoding=\"async\" class=\"wp-image-524 alignnone\" src=\"\/xcode\/wp-content\/uploads\/2013\/10\/moi-300x300.png\" alt=\"moi\" width=\"180\" height=\"180\" \/><br \/>\nAlain Boudreault<br \/>\nEnseignant responsable du cours<br \/>\n<em><strong>aboudrea@cstj.qc.ca<\/strong><\/em><br \/>\n450.436.1580 poste 3818<br \/>\nSite web:\u00a0<a href=\"https:\/\/ve2cuy.wordpress.com\">ve2cuy<\/a><br \/>\n&nbsp;<\/p>\n","protected":false},"excerpt":{"rendered":"<p>Bienvenue sur le site du cours &lsquo;Production multim\u00e9dia sur support&rsquo; Ce site s&rsquo;adresse aux \u00e9tudiants et \u00e9tudiantes inscrits au programme &lsquo;Techniques d&rsquo;Int\u00e9gration Multim\u00e9dia&rsquo; du C\u00e9gep de Saint-J\u00e9r\u00f4me. \u00a0Plus particuli\u00e8rement aux \u00e9tudiants de troisi\u00e8me ann\u00e9e qui suivent le cours &lsquo;Production multim\u00e9dia sur support&rsquo;. Dans sa forme actuelle, le cours se veut une introduction au langage Swift, [&hellip;]<\/p>\n","protected":false},"author":1,"featured_media":0,"parent":20,"menu_order":0,"comment_status":"closed","ping_status":"closed","template":"","meta":{"footnotes":""},"class_list":["post-6","page","type-page","status-publish","hentry"],"_links":{"self":[{"href":"https:\/\/ve2cuy.com\/xcode\/wp-json\/wp\/v2\/pages\/6","targetHints":{"allow":["GET"]}}],"collection":[{"href":"https:\/\/ve2cuy.com\/xcode\/wp-json\/wp\/v2\/pages"}],"about":[{"href":"https:\/\/ve2cuy.com\/xcode\/wp-json\/wp\/v2\/types\/page"}],"author":[{"embeddable":true,"href":"https:\/\/ve2cuy.com\/xcode\/wp-json\/wp\/v2\/users\/1"}],"replies":[{"embeddable":true,"href":"https:\/\/ve2cuy.com\/xcode\/wp-json\/wp\/v2\/comments?post=6"}],"version-history":[{"count":0,"href":"https:\/\/ve2cuy.com\/xcode\/wp-json\/wp\/v2\/pages\/6\/revisions"}],"up":[{"embeddable":true,"href":"https:\/\/ve2cuy.com\/xcode\/wp-json\/wp\/v2\/pages\/20"}],"wp:attachment":[{"href":"https:\/\/ve2cuy.com\/xcode\/wp-json\/wp\/v2\/media?parent=6"}],"curies":[{"name":"wp","href":"https:\/\/api.w.org\/{rel}","templated":true}]}}