{"id":511,"date":"2013-10-21T11:24:48","date_gmt":"2013-10-21T15:24:48","guid":{"rendered":"http:\/\/tim.cstj.qc.ca\/cours\/xcode\/wp\/?page_id=511"},"modified":"2013-10-21T11:24:48","modified_gmt":"2013-10-21T15:24:48","slug":"fiche-methode","status":"publish","type":"page","link":"https:\/\/ve2cuy.com\/xcode\/fiches\/fiche-methode\/","title":{"rendered":"Fiche-M\u00e9thode"},"content":{"rendered":"<h1>D\u00e9finition d&rsquo;une m\u00e9thode<\/h1>\n<blockquote>\n<h3>-(BOOL) deplacer:(Personnage*) unPersonnage<\/h3>\n<h3>\u00a0 \u00a0 \u00a0 \u00a0 \u00a0 \u00a0 \u00a0 \u00a0 \u00a0 aLaVitesse:(float)vitesse<\/h3>\n<h3>\u00a0 \u00a0 \u00a0 \u00a0 \u00a0 \u00a0 \u00a0 \u00a0 \u00a0direction:(CGPoint)laDirection<\/h3>\n<h3>{ \u00a0\/\/ impl\u00e9mentation de la m\u00e9thode<\/h3>\n<h3>\u00a0&#8230;<\/h3>\n<h3>return resultat;<\/h3>\n<h3><span style=\"font-size: 13px; line-height: 19px;\">}<\/span><\/h3>\n<h3><\/h3>\n<\/blockquote>\n<h1>Appel de la m\u00e9thode<\/h1>\n<blockquote>\n<h3>if \u00a0 \u00a0( [self deplacer:fred aLaVitesse:2.5f direction: \u00a0[bob positionDupersonnage] \u00a0] ) {&#8230;}<\/h3>\n<h3><\/h3>\n<\/blockquote>\n<p>&nbsp;<br \/>\n&nbsp;<\/p>\n","protected":false},"excerpt":{"rendered":"<p>D\u00e9finition d&rsquo;une m\u00e9thode -(BOOL) deplacer:(Personnage*) unPersonnage \u00a0 \u00a0 \u00a0 \u00a0 \u00a0 \u00a0 \u00a0 \u00a0 \u00a0 aLaVitesse:(float)vitesse \u00a0 \u00a0 \u00a0 \u00a0 \u00a0 \u00a0 \u00a0 \u00a0 \u00a0direction:(CGPoint)laDirection { \u00a0\/\/ impl\u00e9mentation de la m\u00e9thode \u00a0&#8230; return resultat; } Appel de la m\u00e9thode if \u00a0 \u00a0( [self deplacer:fred aLaVitesse:2.5f direction: \u00a0[bob positionDupersonnage] \u00a0] ) {&#8230;} &nbsp; &nbsp;<\/p>\n","protected":false},"author":1,"featured_media":0,"parent":28,"menu_order":0,"comment_status":"closed","ping_status":"closed","template":"","meta":{"footnotes":""},"class_list":["post-511","page","type-page","status-publish","hentry"],"_links":{"self":[{"href":"https:\/\/ve2cuy.com\/xcode\/wp-json\/wp\/v2\/pages\/511","targetHints":{"allow":["GET"]}}],"collection":[{"href":"https:\/\/ve2cuy.com\/xcode\/wp-json\/wp\/v2\/pages"}],"about":[{"href":"https:\/\/ve2cuy.com\/xcode\/wp-json\/wp\/v2\/types\/page"}],"author":[{"embeddable":true,"href":"https:\/\/ve2cuy.com\/xcode\/wp-json\/wp\/v2\/users\/1"}],"replies":[{"embeddable":true,"href":"https:\/\/ve2cuy.com\/xcode\/wp-json\/wp\/v2\/comments?post=511"}],"version-history":[{"count":0,"href":"https:\/\/ve2cuy.com\/xcode\/wp-json\/wp\/v2\/pages\/511\/revisions"}],"up":[{"embeddable":true,"href":"https:\/\/ve2cuy.com\/xcode\/wp-json\/wp\/v2\/pages\/28"}],"wp:attachment":[{"href":"https:\/\/ve2cuy.com\/xcode\/wp-json\/wp\/v2\/media?parent=511"}],"curies":[{"name":"wp","href":"https:\/\/api.w.org\/{rel}","templated":true}]}}