{"id":620,"date":"2023-09-28T17:16:52","date_gmt":"2023-09-28T21:16:52","guid":{"rendered":"https:\/\/ve2cuy.com\/?page_id=620"},"modified":"2024-09-18T10:07:59","modified_gmt":"2024-09-18T14:07:59","slug":"420-5d4-sgbd-bandes-dessinees","status":"publish","type":"page","link":"https:\/\/ve2cuy.com\/index.php\/420-5d4-sgbd-bandes-dessinees\/","title":{"rendered":"420-5D4 &#8211; SGBD bandes dessin\u00e9es"},"content":{"rendered":"\n<h2 class=\"wp-block-heading\">A03 &#8211; Gestion d&rsquo;une collection de bandes dessin\u00e9es<\/h2>\n\n\n<div class=\"wp-block-image\">\n<figure class=\"aligncenter size-full is-resized\"><img loading=\"lazy\" decoding=\"async\" src=\"http:\/\/ve2cuy.com\/wp-content\/uploads\/2023\/09\/tintin-motobike.png\" alt=\"\" class=\"wp-image-343\" style=\"width:335px;height:335px\" width=\"335\" height=\"335\" srcset=\"https:\/\/ve2cuy.com\/wp-content\/uploads\/2023\/09\/tintin-motobike.png 640w, https:\/\/ve2cuy.com\/wp-content\/uploads\/2023\/09\/tintin-motobike-300x300.png 300w, https:\/\/ve2cuy.com\/wp-content\/uploads\/2023\/09\/tintin-motobike-150x150.png 150w\" sizes=\"auto, (max-width: 335px) 100vw, 335px\" \/><\/figure>\n<\/div>\n\n\n<p>Voici un sch\u00e9ma de base de donn\u00e9es pour g\u00e9rer une collection de bandes dessin\u00e9es en utilisant Oracle Database. Le sch\u00e9ma comprendra des tables pour les titres de bandes dessin\u00e9es, les personnages, les citations par personnage, l&rsquo;ann\u00e9e de publication et les auteurs.<\/p>\n\n\n\n<pre class=\"EnlighterJSRAW\" data-enlighter-language=\"generic\" data-enlighter-theme=\"\" data-enlighter-highlight=\"\" data-enlighter-linenumbers=\"\" data-enlighter-lineoffset=\"\" data-enlighter-title=\"\" data-enlighter-group=\"\">-- Supprimer la table Lecteurs_Albums si elle existe\nDROP TABLE Lecteurs_Albums;\n\n-- Supprimer la table Lecteurs si elle existe\nDROP TABLE Lecteurs;\n\n-- Supprimer la table Citations_Albums si elle existe\nDROP TABLE Citations_Albums;\n\n-- Supprimer la table Citations si elle existe\nDROP TABLE Citations;\n\n-- Supprimer la table Albums_Personnages si elle existe\nDROP TABLE Albums_Personnages;\n\n-- Supprimer la table Personnages si elle existe\nDROP TABLE Personnages;\n\n-- Supprimer la table Albums si elle existe\nDROP TABLE Albums;\n\n-- Supprimer la table Auteurs si elle existe\nDROP TABLE Auteurs;\n\n-- Cr\u00e9er la table Auteurs\nCREATE TABLE Auteurs (\n    auteur_id NUMBER PRIMARY KEY,\n    nom VARCHAR2(255)\n);\n\n-- Cr\u00e9er la table Albums\nCREATE TABLE Albums (\n    album_id NUMBER PRIMARY KEY,\n    titre VARCHAR2(255),\n    annee_publication NUMBER,\n    auteur_id NUMBER,\n    FOREIGN KEY (auteur_id) REFERENCES Auteurs(auteur_id),\n    nombre_pages NUMBER,\n    isbn VARCHAR2(20),\n    photo_couverture VARCHAR2(255)\n);\n\n-- Cr\u00e9er la table Personnages\nCREATE TABLE Personnages (\n    personnage_id NUMBER PRIMARY KEY,\n    nom VARCHAR2(100)\n);\n\n-- Cr\u00e9er la table Citations\nCREATE TABLE Citations (\n    citation_id NUMBER PRIMARY KEY,\n    texte CLOB,\n    personnage_id NUMBER,\n    FOREIGN KEY (personnage_id) REFERENCES Personnages(personnage_id)\n);\n\n-- Cr\u00e9er la table Albums_Personnages\nCREATE TABLE Albums_Personnages (\n    album_id NUMBER,\n    personnage_id NUMBER,\n    FOREIGN KEY (album_id) REFERENCES Albums(album_id),\n    FOREIGN KEY (personnage_id) REFERENCES Personnages(personnage_id)\n);\n\n-- Cr\u00e9er la table Citations_Albums\nCREATE TABLE Citations_Albums (\n    citation_id NUMBER,\n    album_id NUMBER,\n    page NUMBER,\n    FOREIGN KEY (citation_id) REFERENCES Citations(citation_id),\n    FOREIGN KEY (album_id) REFERENCES Albums(album_id)\n);\n\n-- Cr\u00e9er la table Lecteurs\nCREATE TABLE Lecteurs (\n    lecteur_id NUMBER PRIMARY KEY,\n    nom VARCHAR2(50),\n    prenom VARCHAR2(50),\n    email VARCHAR2(100)\n);\n\n-- Cr\u00e9er la table Lecteurs_Albums\nCREATE TABLE Lecteurs_Albums (\n    lecteur_id NUMBER,\n    album_id NUMBER,\n    FOREIGN KEY (lecteur_id) REFERENCES Lecteurs(lecteur_id),\n    FOREIGN KEY (album_id) REFERENCES Albums(album_id)\n);<\/pre>\n\n\n\n<p>Ce sch\u00e9ma comprend les tables suivantes :<\/p>\n\n\n\n<p><strong><br>Albums<\/strong> :<\/p>\n\n\n\n<ul class=\"wp-block-list\">\n<li><code>album_id<\/code> (cl\u00e9 primaire)<\/li>\n\n\n\n<li><code>titre<\/code> (titre de l&rsquo;album)<\/li>\n\n\n\n<li><code>annee_publication<\/code> (ann\u00e9e de publication)<\/li>\n\n\n\n<li><code>auteur<\/code> (auteur de l&rsquo;album)<\/li>\n\n\n\n<li><code>nombre_pages<\/code> (nombre de pages)<\/li>\n\n\n\n<li><code>isbn<\/code> (ISBN de l&rsquo;album)<\/li>\n\n\n\n<li><code>photo_couverture<\/code> (chemin vers la photo de la page couverture)<\/li>\n<\/ul>\n\n\n\n<p><strong>Personnages<\/strong> :<\/p>\n\n\n\n<ul class=\"wp-block-list\">\n<li><code>personnage_id<\/code> (cl\u00e9 primaire)<\/li>\n\n\n\n<li><code>nom<\/code> (nom du personnage)<\/li>\n<\/ul>\n\n\n\n<p><strong>Citations<\/strong> :<\/p>\n\n\n\n<ul class=\"wp-block-list\">\n<li><code>citation_id<\/code> (cl\u00e9 primaire)<\/li>\n\n\n\n<li><code>texte<\/code> (texte de la citation)<\/li>\n\n\n\n<li><code>personnage_id<\/code> (cl\u00e9 \u00e9trang\u00e8re vers la table Personnages)<\/li>\n<\/ul>\n\n\n\n<p><strong>Albums_Personnages<\/strong> (table de liaison pour g\u00e9rer la relation entre les albums et les personnages) :<\/p>\n\n\n\n<ul class=\"wp-block-list\">\n<li><code>album_id<\/code> (cl\u00e9 \u00e9trang\u00e8re vers la table Albums)<\/li>\n\n\n\n<li><code>personnage_id<\/code> (cl\u00e9 \u00e9trang\u00e8re vers la table Personnages)<\/li>\n<\/ul>\n\n\n\n<p><strong>Citations_Albums<\/strong> (table de liaison pour g\u00e9rer la relation entre les citations et les albums) :<\/p>\n\n\n\n<ul class=\"wp-block-list\">\n<li><code>citation_id<\/code> (cl\u00e9 \u00e9trang\u00e8re vers la table Citations)<\/li>\n\n\n\n<li><code>album_id<\/code> (cl\u00e9 \u00e9trang\u00e8re vers la table Albums)<\/li>\n\n\n\n<li><code>page<\/code> (num\u00e9ro de page o\u00f9 la citation appara\u00eet dans l&rsquo;album)<\/li>\n<\/ul>\n\n\n\n<p><strong>Lecteurs<\/strong> :<\/p>\n\n\n\n<ul class=\"wp-block-list\">\n<li><code>lecteur_id<\/code> (cl\u00e9 primaire)<\/li>\n\n\n\n<li><code>nom<\/code> (nom du lecteur)<\/li>\n\n\n\n<li><code>prenom<\/code> (pr\u00e9nom du lecteur)<\/li>\n\n\n\n<li><code>email<\/code> (adresse e-mail du lecteur)<\/li>\n<\/ul>\n\n\n\n<p><strong>Lecteurs_Albums<\/strong> (table de liaison pour enregistrer les albums que les lecteurs ont lus) :<\/p>\n\n\n\n<ul class=\"wp-block-list\">\n<li><code>lecteur_id<\/code> (cl\u00e9 \u00e9trang\u00e8re vers la table Lecteurs)<\/li>\n\n\n\n<li><code>album_id<\/code> (cl\u00e9 \u00e9trang\u00e8re vers la table Albums)<\/li>\n<\/ul>\n\n\n\n<p>Ce sch\u00e9ma vous permettra de g\u00e9rer une collection de bandes dessin\u00e9es en enregistrant les d\u00e9tails des titres, des personnages, des citations, des ann\u00e9es de publication et des auteurs et des lecteurs.<\/p>\n\n\n\n<hr class=\"wp-block-separator has-alpha-channel-opacity\"\/>\n\n\n\n<p>Ajouter dans la bases de donn\u00e9es, les auteurs, 10 albums de Tintin, les personnages suivants: Tintin, Milou, Capitaine Haddock, Allan, Professeur Tournesol, Le colonel Alvarez, Dupond, Dupont, Nestor et Bianca Castafiore. Les albums dans lesquels apparaissent ces personnages. Ajouter 10 citations du Capitaine Haddock avec l&rsquo;album et la page ou apparait la citation.<\/p>\n\n\n\n<pre class=\"EnlighterJSRAW\" data-enlighter-language=\"generic\" data-enlighter-theme=\"\" data-enlighter-highlight=\"\" data-enlighter-linenumbers=\"\" data-enlighter-lineoffset=\"\" data-enlighter-title=\"\" data-enlighter-group=\"\">-- Ajouter 10 albums de Tintin\nINSERT INTO Albums (titre, annee_publication, auteur_id, nombre_pages, isbn, photo_couverture)\nVALUES\n    ('Tintin au pays des Soviets', 1929, 1, 144, '978-2203001016', 'tintin_soviets.jpg'),\n    ('Tintin au Congo', 1931, 1, 62, '978-2203001023', 'tintin_congo.jpg'),\n    ('Tintin en Am\u00e9rique', 1932, 1, 120, '978-2203001030', 'tintin_amerique.jpg'),\n    ('Les Cigares du Pharaon', 1934, 1, 128, '978-2203001047', 'tintin_cigares_pharaon.jpg'),\n    ('Le Lotus bleu', 1936, 1, 80, '978-2203001054', 'tintin_lotus_bleu.jpg'),\n    ('L''Oreille cass\u00e9e', 1943, 1, 62, '978-2203001061', 'tintin_oreille_cassee.jpg'),\n    ('L''\u00cele noire', 1938, 1, 62, '978-2203001078', 'tintin_ile_noire.jpg'),\n    ('L''\u00c9toile myst\u00e9rieuse', 1942, 1, 62, '978-2203001108', 'tintin_etoile_mysterieuse.jpg'),\n    ('Le Secret de La Licorne', 1943, 1, 62, '978-2203001115', 'tintin_secret_licorne.jpg'),\n    ('Le Tr\u00e9sor de Rackham le Rouge', 1944, 1, 62, '978-2203001122', 'tintin_tresor_rackham_rouge.jpg');\n\n\n-- Ajouter les personnages\nINSERT INTO Personnages (nom) VALUES\n    ('Tintin'),\n    ('Milou'),\n    ('Capitaine Haddock'),\n    ('Allan'),\n    ('Professeur Tournesol'),\n    ('Le colonel Alvarez'),\n    ('Dupond'),\n    ('Dupont'),\n    ('Nestor'),\n    ('Bianca Castafiore');\n\n-- Associer les personnages aux albums\nINSERT INTO Albums_Personnages (album_id, personnage_id) VALUES\n    (1, 1), (1, 2), (1, 3), -- Tintin, Milou, Capitaine Haddock dans Tintin au pays des Soviets\n    (2, 1), (2, 2), (2, 3), -- Tintin, Milou, Capitaine Haddock dans Tintin au Congo\n    (3, 1), (3, 2), (3, 3), -- Tintin, Milou, Capitaine Haddock dans Tintin en Am\u00e9rique\n    (4, 1), (4, 2), (4, 3), -- Tintin, Milou, Capitaine Haddock dans Les Cigares du Pharaon\n    (5, 1), (5, 2), (5, 3), -- Tintin, Milou, Capitaine Haddock dans Le Lotus bleu\n    (6, 1), (6, 2), (6, 3), -- Tintin, Milou, Capitaine Haddock dans L'Oreille cass\u00e9e\n    (7, 1), (7, 2), (7, 3), -- Tintin, Milou, Capitaine Haddock dans L'\u00cele noire\n    (8, 1), (8, 2), (8, 3), -- Tintin, Milou, Capitaine Haddock dans L'\u00c9toile myst\u00e9rieuse\n    (9, 1), (9, 2), (9, 3), -- Tintin, Milou, Capitaine Haddock dans Le Secret de La Licorne\n    (10, 1), (10, 2), (10, 3); -- Tintin, Milou, Capitaine Haddock dans Le Tr\u00e9sor de Rackham le Rouge\n\n-- Ajouter 10 citations du Capitaine Haddock avec l'album et la page\nINSERT INTO Citations (texte, personnage_id) VALUES\n    ('Mille milliards de mille sabords !', 3), -- Capitaine Haddock dans Tintin au pays des Soviets\n    ('Tonnerre de Brest !', 3), -- Capitaine Haddock dans Tintin au pays des Soviets\n    ('Mille milliards de mille tonnerres !', 3), -- Capitaine Haddock dans Tintin au pays des Soviets\n    ('Mille sabords !', 3), -- Capitaine Haddock dans Tintin au Congo\n    ('Tonnerre de Brest et de brume !', 3), -- Capitaine Haddock dans Tintin au Congo\n    ('Mille milliards de mille typhons !', 3), -- Capitaine Haddock dans Tintin en Am\u00e9rique\n    ('Mille milliards de mille boulons !', 3), -- Capitaine Haddock dans Les Cigares du Pharaon\n    ('Mille milliards de mille mille mille sabords !', 3), -- Capitaine Haddock dans Le Lotus bleu\n    ('Mille milliards de mille sabords de tonnerre !', 3), -- Capitaine Haddock dans L'Oreille cass\u00e9e\n    ('Mille milliards de mille tonnerres de Brest !', 3); -- Capitaine Haddock dans L'\u00cele noire\n\n-- Associer les citations aux albums et aux pages\n-- Utilisez les IDs des citations et des albums correspondants\nINSERT INTO Citations_Albums (citation_id, album_id, page) VALUES\n    (1, 1, 5),\n    (2, 1, 10),\n    (3, 1, 15),\n    (4, 2, 3),\n    (5, 2, 8),\n    (6, 3, 10),\n    (7, 4, 7),\n    (8, 5, 12),\n    (9, 6, 5),\n    (10, 7, 9);\n\n-- Ajouter les lecteurs \u00e0 la table Lecteurs\nINSERT INTO Lecteurs (nom, prenom, email)\nVALUES\n    ('D\u00e9vore', 'Page', 'page.devore@example.com'),\n    ('Chapitre', 'Premier', 'premier.chapitre@example.com'),\n    ('Spontan\u00e9e', 'Lecture', 'lecture.spontanee@example.com');\n<\/pre>\n\n\n\n<p>Ajoutons les lectures suivantes pour D\u00e9vore Page; Tintin en Am\u00e9rique, L&rsquo;\u00cele noire et Le Crabe aux pinces d&rsquo;or.<\/p>\n\n\n\n<pre class=\"EnlighterJSRAW\" data-enlighter-language=\"generic\" data-enlighter-theme=\"\" data-enlighter-highlight=\"\" data-enlighter-linenumbers=\"\" data-enlighter-lineoffset=\"\" data-enlighter-title=\"\" data-enlighter-group=\"\">-- Ajout des lectures pour D\u00e9vore Page (lecteur_id = 1)\nINSERT INTO Lectures (lecteur_id, album_id) VALUES\n    (1, 3),  -- Tintin en Am\u00e9rique\n    (1, 7),  -- L'\u00cele noire\n    (1, 9);  -- Le Crabe aux pinces d'or\n\n-- -----------------------------------------------------------------\n-- Ou bien, \u00e0 partir du nom des albums:\n\n-- S\u00e9lectionner les identifiants d'album pour les albums sp\u00e9cifiques\nDECLARE\n    v_album_tintin_en_amerique NUMBER;\n    v_album_l_ile_noire NUMBER;\n    v_album_le_crabe_aux_pinces_d_or NUMBER;\nBEGIN\n    SELECT album_id INTO v_album_tintin_en_amerique FROM Albums WHERE titre = 'Tintin en Am\u00e9rique';\n    SELECT album_id INTO v_album_l_ile_noire FROM Albums WHERE titre = 'L''\u00cele noire';\n    SELECT album_id INTO v_album_le_crabe_aux_pinces_d_or FROM Albums WHERE titre = 'Le Crabe aux pinces d''or';\n\n    -- Ajout des lectures pour D\u00e9vore Page\n    INSERT INTO Lectures (lecteur_id, album_id) VALUES\n        (1, v_album_tintin_en_amerique),\n        (1, v_album_l_ile_noire),\n        (1, v_album_le_crabe_aux_pinces_d_or);\nEND;\n\/\n\n-- ---------------------------------------------------------------------\n-- Ou encore:\nDECLARE\n    v_lecteur_id NUMBER;\nBEGIN\n    SELECT lecteur_id INTO v_lecteur_id FROM Lecteurs WHERE nom = 'D\u00e9vore' AND prenom = 'Page';\n    \n    -- Ajouter les lectures pour \"D\u00e9vore Page\"\n    INSERT INTO Lecteurs_Albums (lecteur_id, album_id)\n    SELECT v_lecteur_id, album_id FROM Albums WHERE titre IN ('Tintin en Am\u00e9rique', 'L''\u00cele noire', 'Le Tr\u00e9sor de Rackham le Rouge');\n    \n    COMMIT;\nEXCEPTION\n    WHEN NO_DATA_FOUND THEN\n        DBMS_OUTPUT.PUT_LINE('Lecteur \"D\u00e9vore Page\" non trouv\u00e9.');\n    WHEN OTHERS THEN\n        DBMS_OUTPUT.PUT_LINE('Erreur lors de l''insertion des lectures : ' || SQLERRM);\n        ROLLBACK;\nEND;\n\/\n<\/pre>\n\n\n\n<p>Ajoutons les lectures suivantes pour Chapitre Premier; Le Secret de La Licorne, Tintin au pays des Soviets<\/p>\n\n\n\n<pre class=\"EnlighterJSRAW\" data-enlighter-language=\"generic\" data-enlighter-theme=\"\" data-enlighter-highlight=\"\" data-enlighter-linenumbers=\"\" data-enlighter-lineoffset=\"\" data-enlighter-title=\"\" data-enlighter-group=\"\">-- Obtenir l'identifiant du lecteur \"Chapitre Premier\"\nDECLARE\n    v_lecteur_id NUMBER;\nBEGIN\n    SELECT lecteur_id INTO v_lecteur_id FROM Lecteurs WHERE nom = 'Chapitre' AND prenom = 'Premier';\n\n    -- Obtenir les identifiants des albums\n    DECLARE\n        v_album_id_sl NUMBER;\n        v_album_id_tps NUMBER;\n    BEGIN\n        SELECT album_id INTO v_album_id_sl FROM Albums WHERE titre = 'Le Secret de La Licorne';\n        SELECT album_id INTO v_album_id_tps FROM Albums WHERE titre = 'Tintin au pays des Soviets';\n\n        -- Ajouter les lectures pour \"Chapitre Premier\"\n        INSERT INTO Lecteurs_Albums (lecteur_id, album_id)\n        VALUES\n            (v_lecteur_id, v_album_id_sl), -- Lecture de \"Le Secret de La Licorne\"\n            (v_lecteur_id, v_album_id_tps); -- Lecture de \"Tintin au pays des Soviets\";\n            \n        COMMIT;\n    EXCEPTION\n        WHEN NO_DATA_FOUND THEN\n            DBMS_OUTPUT.PUT_LINE('Album non trouv\u00e9.');\n        WHEN OTHERS THEN\n            DBMS_OUTPUT.PUT_LINE('Erreur lors de l''insertion des lectures : ' || SQLERRM);\n            ROLLBACK;\n    END;\nEND;\n\/<\/pre>\n\n\n\n<hr class=\"wp-block-separator has-alpha-channel-opacity\"\/>\n\n\n\n<pre class=\"EnlighterJSRAW\" data-enlighter-language=\"generic\" data-enlighter-theme=\"\" data-enlighter-highlight=\"\" data-enlighter-linenumbers=\"\" data-enlighter-lineoffset=\"\" data-enlighter-title=\"\" data-enlighter-group=\"\">-- Afficher toutes les citations du Capitaine Haddock\n\nSELECT\n    P.nom AS nom_personnage,\n    C.personnage_id,\n    C.texte AS citation_texte\nFROM\n    Citations C\nJOIN\n    Personnages P ON C.personnage_id = P.personnage_id\nWHERE\n    C.personnage_id = (\n        SELECT personnage_id\n        FROM Personnages\n        WHERE nom = 'Capitaine Haddock'\n    );<\/pre>\n\n\n\n<pre class=\"EnlighterJSRAW\" data-enlighter-language=\"generic\" data-enlighter-theme=\"\" data-enlighter-highlight=\"\" data-enlighter-linenumbers=\"\" data-enlighter-lineoffset=\"\" data-enlighter-title=\"\" data-enlighter-group=\"\">-- Afficher le nom des lecteurs et le nom des albums lus tri\u00e9 par lecteur\nSELECT\n    l.nom    AS nom_lecteur,\n    l.prenom AS prenom_lecteur,\n    a.titre  AS titre_album\nFROM\n    lecteurs l\n    JOIN lecteurs_albums la ON l.lecteur_id = la.lecteur_id\n    JOIN albums          a  ON la.album_id = a.album_id\nORDER BY\n    l.nom,\n    l.prenom,\n    a.titre;<\/pre>\n\n\n\n<pre class=\"EnlighterJSRAW\" data-enlighter-language=\"generic\" data-enlighter-theme=\"\" data-enlighter-highlight=\"\" data-enlighter-linenumbers=\"\" data-enlighter-lineoffset=\"\" data-enlighter-title=\"\" data-enlighter-group=\"\">-- Afficher le nombre de lectures des albums\nSELECT\n    substr(a.titre, 1, 40) AS titre_album,\n    COUNT(la.album_id)     AS nombre_de_lectures\nFROM\n    albums          a\n    LEFT JOIN lecteurs_albums la ON a.album_id = la.album_id\nGROUP BY\n    substr(a.titre, 1, 40)\nORDER BY\n    nombre_de_lectures DESC,\n    titre_album;<\/pre>\n\n\n\n<p><\/p>\n","protected":false},"excerpt":{"rendered":"<p>A03 &#8211; Gestion d&rsquo;une collection de bandes dessin\u00e9es Voici un sch\u00e9ma de base de donn\u00e9es pour g\u00e9rer une collection de bandes dessin\u00e9es en utilisant Oracle Database. Le sch\u00e9ma comprendra des tables pour les titres de bandes dessin\u00e9es, les personnages, les citations par personnage, l&rsquo;ann\u00e9e de publication et les auteurs. Ce sch\u00e9ma comprend les tables suivantes [&hellip;]<\/p>\n","protected":false},"author":1,"featured_media":0,"parent":0,"menu_order":0,"comment_status":"closed","ping_status":"closed","template":"","meta":{"footnotes":""},"class_list":["post-620","page","type-page","status-publish","hentry"],"_links":{"self":[{"href":"https:\/\/ve2cuy.com\/index.php\/wp-json\/wp\/v2\/pages\/620","targetHints":{"allow":["GET"]}}],"collection":[{"href":"https:\/\/ve2cuy.com\/index.php\/wp-json\/wp\/v2\/pages"}],"about":[{"href":"https:\/\/ve2cuy.com\/index.php\/wp-json\/wp\/v2\/types\/page"}],"author":[{"embeddable":true,"href":"https:\/\/ve2cuy.com\/index.php\/wp-json\/wp\/v2\/users\/1"}],"replies":[{"embeddable":true,"href":"https:\/\/ve2cuy.com\/index.php\/wp-json\/wp\/v2\/comments?post=620"}],"version-history":[{"count":2,"href":"https:\/\/ve2cuy.com\/index.php\/wp-json\/wp\/v2\/pages\/620\/revisions"}],"predecessor-version":[{"id":622,"href":"https:\/\/ve2cuy.com\/index.php\/wp-json\/wp\/v2\/pages\/620\/revisions\/622"}],"wp:attachment":[{"href":"https:\/\/ve2cuy.com\/index.php\/wp-json\/wp\/v2\/media?parent=620"}],"curies":[{"name":"wp","href":"https:\/\/api.w.org\/{rel}","templated":true}]}}